-w*o + 120 = o. Calculate the greatest common divisor of 5 and o.
5
Let z = 1 - -2. Suppose 2*m - 73 = 95. Suppose -2*q + m = 2*q. What is the greatest common factor of z and q?
3
Let g(r) = -3*r + 6. Let k be g(-8). What is the greatest common divisor of k and 75?
15
Let f(u) = -u**3 + 6*u**2 + 6*u + 5. Let a(b) = -4*b**3 + 2*b**2 - 1. Let l be a(-1). Let p be f(l). What is the highest common factor of p and 15?
15
Let k(v) be the second derivative of v**3/6 + 5*v**2 - 2*v. Let x be k(-5). Let u = 6 + x. Calculate the greatest common divisor of 44 and u.
11
Let m(s) = -s**2 - 10*s - 2. Let u be m(-4). What is the greatest common factor of 33 and u?
11
Let d(l) = -40*l + 9. Let a be d(-5). Calculate the highest common factor of a and 19.
19
Let i = -200 + 488. What is the greatest common divisor of 36 and i?
36
Suppose 4 = 3*t - t. Suppose n - 68 = -4*z, -z - 3*z = -t*n - 80. Calculate the greatest common divisor of 45 and z.
9
Suppose 0 = 3*a + k - 76, -k = -5*a - 2*k + 130. Let b(o) = o + 10. Let u be b(8). Calculate the highest common factor of a and u.
9
Let v = 75 - 24. Let g = 71 - v. Calculate the highest common factor of 220 and g.
20
Let z = -60 + 65. Calculate the highest common factor of 25 and z.
5
Let d be ((-10)/8)/((-11)/352). Let g = d + -20. Calculate the greatest common divisor of g and 10.
10
Let z(b) = 4*b**2 + 2*b. Let y be z(-2). Let u = 26 - 24. Suppose 3*p - u = 7. What is the greatest common divisor of y and p?
3
Let l(s) = s + 6. Let h be l(-6). Let t be (2 + h)*237/6. Let w = -16 + t. What is the greatest common divisor of 42 and w?
21
Let o = -39 + 101. Calculate the greatest common divisor of 155 and o.
31
Let w(a) = -9*a - 30. Let k be w(-10). Calculate the greatest common factor of 20 and k.
20
Suppose -2*y + 2*o + o = -147, 3*o = 3. What is the greatest common factor of 100 and y?
25
Let c = -117 + 230. Suppose 8 = -5*m + c. What is the greatest common factor of m and 231?
21
Let w = 14 - 10. Calculate the highest common divisor of 4 and w.
4
Let c(g) = -g**2 - 8*g - 6. Let t be c(-5). Calculate the greatest common factor of 45 and t.
9
Let m = 609 - 339. Calculate the highest common divisor of 18 and m.
18
Let m be 273/4 - 5/20. What is the highest common divisor of m and 17?
17
Let k(r) = 3*r - 14. Let i be k(7). Calculate the highest common factor of i and 56.
7
Suppose m + 5*j - 55 = 0, -m + 40 = 3*j - 5. Let s = 3 + -3. Let f(v) = -v + 6. Let g be f(s). Calculate the greatest common divisor of m and g.
6
Suppose 73 = 4*o - o + 4*z, 0 = -o + 4*z + 3. Calculate the greatest common divisor of o and 209.
19
Let z = 237 + -104. Calculate the highest common divisor of 19 and z.
19
Let w be (-17)/(-6)*(-14)/7*-3. What is the greatest common factor of w and 34?
17
Suppose 13*f = 12*f + 18. What is the greatest common divisor of f and 6?
6
Let o = 44 - 34. Calculate the greatest common factor of o and 35.
5
Let m(h) = -5*h - 1. Let x be m(-1). Suppose 0 = x*c - 4, d - 6*d + c + 119 = 0. Calculate the greatest common factor of 8 and d.
8
Let g be (-2)/(-11) + 279/99. What is the greatest common divisor of 2 and g?
1
Let m = -41 + 54. Calculate the greatest common factor of 26 and m.
13
Suppose 0 = -x - 55 + 455. Suppose j - x = -4*j. Let p(g) = -g - 11. Let m be p(-21). What is the greatest common divisor of m and j?
10
Let g = -47 + 62. Let l = 2 - 3. Let j be (-4 + (-1 - 1))*l. What is the highest common factor of g and j?
3
Let g be 2/13 - 11361/(-91). Let c = -19 + 44. Calculate the greatest common divisor of c and g.
25
Let l = 94 + -49. Let g = -59 + 68. Calculate the greatest common factor of g and l.
9
Let o = 10 + 28. What is the greatest common divisor of 152 and o?
38
Suppose 5*q - 25 = 0, 0 = -0*t - 3*t + 5*q + 47. Suppose -5 = -3*r + 43. What is the highest common divisor of r and t?
8
Let j = 102 + -170. Let i = 67 - j. What is the highest common divisor of i and 15?
15
Suppose 5*j + 134 = 3*d + 3*j, -4*d = j - 186. Calculate the highest common factor of 368 and d.
46
Let m = -5 + 8. Let f = 0 + 7. Suppose -3*v = -3*d - 0 + 3, -v - f = -4*d. What is the greatest common factor of m and v?
1
Let i = 98 - 56. Calculate the greatest common factor of 420 and i.
42
Let m = -32 + 10. Let a = 42 + m. Let i be a*(5/(-4) - -2). What is the greatest common divisor of i and 15?
15
Suppose 0 = 3*p - 12, -2*b + 4*p = 2*p - 80. Suppose -t + b = 3*t. What is the highest common divisor of t and 88?
11
Suppose 5*w + 1 = 71. Let l be 5*(-1 - w/(-5)). Calculate the highest common factor of 1 and l.
1
Suppose -48 = -2*d + d. Let f(u) = u**3 + u**2 - u + 1. Let y be f(1). Suppose j = -2*v + 10, -j - y = -5*v + v. Calculate the highest common factor of d and j.
6
Let j be (-3)/(-9) - (-118)/6. Suppose 3*c - 26 = -2*s - 0*s, 4*c - s = j. Calculate the highest common divisor of 12 and c.
6
Let n be 2/(-8) + 5551/28. Let s be ((-74)/6)/(2/6). Let b = s + 55. Calculate the greatest common divisor of b and n.
18
Suppose -158 = -5*g + 122. What is the greatest common divisor of 14 and g?
14
Suppose 0 = 5*v + i - 54, 0 = 2*v + v - 5*i - 10. Let b be v/4*(0 + 6). What is the greatest common divisor of b and 15?
15
Let y be 8/(-52) - (-7)/((-273)/(-5310)). Calculate the highest common divisor of 17 and y.
17
Let d be ((-6)/4)/((-7)/(-182)). Suppose -5*s + 0*r + 372 = 3*r, 5*s = r + 356. Let b = s + d. Calculate the highest common divisor of b and 11.
11
Let h be (-5)/(-20) + 9/(-4). Let u be (-4 - h) + 6/(-1). Let i be ((-18)/8)/(3/u). Calculate the highest common factor of 48 and i.
6
Suppose -8*r - 912 = -14*r. What is the highest common factor of 19 and r?
19
Let c be (-5)/(-2) + 2/(-4). Suppose 2*a + a - 9 = 0. Suppose 16 = a*k + 5*d, 0*k - 6 = -k - c*d. Calculate the highest common factor of k and 10.
2
Let c = 33 - 21. Calculate the highest common divisor of c and 12.
12
Let b be -3*(0 + -41 + -3). Suppose -4*z = -b - 180. Let s be (z/3)/2*1. What is the greatest common divisor of 52 and s?
13
Let l = 40 - 25. Calculate the greatest common factor of 6 and l.
3
Suppose -k - 4*u = -17, -5*u - 68 = -4*k - u. What is the greatest common divisor of k and 187?
17
Let f(j) be the third derivative of -j**4/6 + 4*j**3/3 + 2*j**2. Let u be f(-4). What is the greatest common factor of 216 and u?
24
Suppose -259 = -3*x + 197. What is the highest common divisor of x and 19?
19
Let i(d) = 2*d**3 + 15*d**2 - 9*d - 6. Let j be i(-8). Suppose 4 = 2*f + 40. Let g = -10 - f. Calculate the greatest common divisor of j and g.
2
Let z be (2/(-4))/((-3)/564). Suppose 2*b + 3*n + 15 = 66, 0 = -3*b - n + z. Calculate the highest common factor of b and 11.
11
Let g be 4/(-14) - (-112)/49. What is the greatest common divisor of 3 and g?
1
Let c(b) = -6*b**2 + 5*b**2 - 2*b**2 + 4*b**2 + 3*b. Let m be c(-6). What is the greatest common factor of m and 90?
18
Let y = 24 + -13. Let x be (-3)/(-5) - 868/(-20). Calculate the greatest common factor of y and x.
11
Let b(t) = -7*t + 3. Let s be b(-4). Let j = 47 - s. Calculate the greatest common factor of j and 24.
8
Let d(h) = 4*h - 1. Let t be d(1). Let o = -3 - -2. Let p = o + t. Calculate the greatest common factor of p and 16.
2
Let g = 156 - 305. Let s = -86 - g. Calculate the greatest common divisor of s and 7.
7
Let p(f) = f - 4. Let g be 4 + -3 + (7 - 1). Let h be p(g). Let z be (88/6)/(1/h). What is the greatest common factor of 4 and z?
4
Suppose v = -3*o + 6*v + 38, -3*o = 2*v - 10. Let s be 8/(-24) - (-110)/o. What is the greatest common factor of 90 and s?
18
Let a = -11 - -47. Calculate the greatest common factor of 12 and a.
12
Suppose -4*u + 3*u = -2, 0 = -2*d - 2*u + 36. Let h be d/(-6)*(3 + -6). What is the highest common factor of 16 and h?
8
Let k(n) = -2*n**3 + n. Let b be k(-1). Suppose -b - 14 = -f. Suppose -6*m = -2*m - 420. Calculate the greatest common factor of f and m.
15
Let i be (6/15)/(3 - 5396/1800). Calculate the highest common divisor of 72 and i.
36
Suppose -6*u + 12*u = 1716. What is the greatest common factor of 26 and u?
26
Suppose -465 = -5*c + 135. Calculate the greatest common factor of c and 15.
15
Suppose -2*q = 2*q + 24. Let f be 2/q*(-18)/2. Let w be 2/12 - 625/(-30). What is the greatest common factor of w and f?
3
Suppose 0 = w + 2*j - 38, -j - 143 = -5*w - 8. 